{"id":3372,"date":"2024-05-17T04:24:20","date_gmt":"2024-05-17T04:24:20","guid":{"rendered":"https:\/\/www.biogenetics.cl\/standard\/?page_id=3372"},"modified":"2025-12-19T20:22:07","modified_gmt":"2025-12-19T20:22:07","slug":"validez-legal","status":"publish","type":"page","link":"https:\/\/www.biogenetics.cl\/standard\/validez-legal.html","title":{"rendered":"Validez Legal"},"content":{"rendered":"<div data-colibri-id=\"3372-c1\" class=\"style-1787 style-local-3372-c1 position-relative\">\r\n  <!---->\r\n  <div data-colibri-component=\"section\" data-colibri-id=\"3372-c2\" id=\"custom\" class=\"h-section h-section-global-spacing d-flex align-items-lg-center align-items-md-center align-items-center style-3013 style-local-3372-c2 position-relative\">\r\n    <!---->\r\n    <!---->\r\n    <div class=\"h-section-grid-container h-section-boxed-container\">\r\n      <!---->\r\n      <div data-colibri-id=\"3372-c3\" class=\"h-row-container gutters-row-lg-3 gutters-row-md-3 gutters-row-0 gutters-row-v-lg-3 gutters-row-v-md-3 gutters-row-v-3 style-3014 style-local-3372-c3 position-relative\">\r\n        <!---->\r\n        <div class=\"h-row justify-content-lg-center justify-content-md-center justify-content-center align-items-lg-stretch align-items-md-stretch align-items-stretch gutters-col-lg-3 gutters-col-md-3 gutters-col-0 gutters-col-v-lg-3 gutters-col-v-md-3 gutters-col-v-3\">\r\n          <!---->\r\n          <div class=\"h-column h-column-container d-flex h-col-lg-auto h-col-md-auto h-col-auto style-3015-outer style-local-3372-c4-outer\">\r\n            <div data-colibri-id=\"3372-c4\" class=\"d-flex h-flex-basis h-column__inner h-px-lg-2 h-px-md-2 h-px-2 v-inner-lg-2 v-inner-md-2 v-inner-2 style-3015 style-local-3372-c4 position-relative\">\r\n              <!---->\r\n              <!---->\r\n              <div class=\"w-100 h-y-container h-column__content h-column__v-align flex-basis-100 align-self-lg-center align-self-md-center align-self-center\">\r\n                <!---->\r\n                <div data-colibri-id=\"3372-c5\" class=\"h-text h-text-component style-3017 style-local-3372-c5 position-relative h-element\">\r\n                  <!---->\r\n                  <!---->\r\n                  <div class=\"\">\r\n                    <p><strong>Validez legal de las pruebas de ADN<\/strong><\/p>\r\n                  <\/div>\r\n                <\/div>\r\n              <\/div>\r\n            <\/div>\r\n          <\/div>\r\n          <div class=\"h-column h-column-container d-flex h-col-lg-auto h-col-md-auto h-col-auto style-3016-outer style-local-3372-c6-outer\">\r\n            <div data-colibri-id=\"3372-c6\" class=\"d-flex h-flex-basis h-column__inner h-px-lg-2 h-px-md-2 h-px-2 v-inner-lg-2 v-inner-md-2 v-inner-2 style-3016 style-local-3372-c6 position-relative\">\r\n              <!---->\r\n              <!---->\r\n              <div class=\"w-100 h-y-container h-column__content h-column__v-align flex-basis-100 align-self-lg-start align-self-md-start align-self-start\">\r\n                <!---->\r\n                <div data-colibri-id=\"3372-c7\" class=\"h-text h-text-component style-3018 style-local-3372-c7 position-relative h-element\">\r\n                  <!---->\r\n                  <!---->\r\n                  <div class=\"\">\r\n                    <p>BioGenetics es el \u00fanico <strong>laboratorio privado<\/strong> de ADN en Chile acreditado por el Servicio M\u00e9dico Legal y <strong>habilitado para emitir informes conforme a la Ley Filiaci\u00f3n (Ley 19.585).<\/strong><\/p>\r\n                    <p><strong style=\"font-size: 16px; font-family: Montserrat; color: rgb(23, 37, 42);\">BioGenetics emite informes certificados y con firma habilitada.&nbsp;<\/strong><\/p>\r\n                    <p>Todos sus informes son v\u00e1lidos para ser presentados en tribunales de justicia. Adem\u00e1s, est\u00e1 acreditado por la SEREMI de Salud y sus profesionales son miembros de la Sociedad Chilena de Gen\u00e9tica (SOCHIGEN) y la International Society\r\n                      for Forensic Genetics (ISFG).<\/p>\r\n                  <\/div>\r\n                <\/div>\r\n              <\/div>\r\n            <\/div>\r\n          <\/div>\r\n        <\/div>\r\n      <\/div>\r\n    <\/div>\r\n  <\/div>\r\n  <div data-colibri-component=\"section\" data-colibri-id=\"3372-c8\" id=\"custom-2\" class=\"h-section h-section-global-spacing d-flex align-items-lg-center align-items-md-center align-items-center style-3019 style-local-3372-c8 position-relative\">\r\n    <!---->\r\n    <!---->\r\n    <div class=\"h-section-grid-container h-section-boxed-container\">\r\n      <!---->\r\n      <div data-colibri-id=\"3372-c9\" class=\"h-row-container gutters-row-lg-2 gutters-row-md-2 gutters-row-0 gutters-row-v-lg-2 gutters-row-v-md-2 gutters-row-v-2 style-3020 style-local-3372-c9 position-relative\">\r\n        <!---->\r\n        <div class=\"h-row justify-content-lg-center justify-content-md-center justify-content-center align-items-lg-stretch align-items-md-stretch align-items-stretch gutters-col-lg-2 gutters-col-md-2 gutters-col-0 gutters-col-v-lg-2 gutters-col-v-md-2 gutters-col-v-2\">\r\n          <!---->\r\n          <div class=\"h-column h-column-container d-flex h-col-lg-auto h-col-md-auto h-col-auto style-3021-outer style-local-3372-c10-outer\">\r\n            <div data-colibri-id=\"3372-c10\" class=\"d-flex h-flex-basis h-column__inner h-px-lg-2 h-px-md-2 h-px-2 v-inner-lg-2 v-inner-md-2 v-inner-2 style-3021 style-local-3372-c10 position-relative\">\r\n              <!---->\r\n              <!---->\r\n              <div class=\"w-100 h-y-container h-column__content h-column__v-align flex-basis-100 align-self-lg-start align-self-md-start align-self-start\">\r\n                <!---->\r\n                <hop-text-carousel previewid=\"3372-c11\" hmodel=\"[object Object]\" parentmodelobj=\"[object Object]\" rootmodel=\"[object Object]\" ispreview=\"true\" class=\"h-element\">\r\n                  <hop-text-carousel-item previewid=\"3372-c12\" hmodel=\"[object Object]\" parentmodelobj=\"[object Object]\" rootmodel=\"[object Object]\" ispreview=\"true\" class=\"h-element\">\r\n                    <div data-colibri-id=\"3372-c13\" class=\"d-block style-3076 style-local-3372-c13 position-relative h-element\">\r\n                      <!---->\r\n                      <div class=\"h-image__frame-container-outer\">\r\n                        <div class=\"h-image__frame-container\">\r\n                          <!---->\r\n                          <!---->\r\n                          <img loading=\"lazy\" decoding=\"async\" width=\"672\" height=\"500\" src=\"https:\/\/www.biogenetics.cl\/standard\/wp-content\/uploads\/2025\/05\/biogenetics-elementos-03.webp\" class=\"wp-image-6452 style-3076-image style-local-3372-c13-image\" alt=\"\" srcset=\"https:\/\/www.biogenetics.cl\/standard\/wp-content\/uploads\/2025\/05\/biogenetics-elementos-03.webp 672w, https:\/\/www.biogenetics.cl\/standard\/wp-content\/uploads\/2025\/05\/biogenetics-elementos-03-300x223.webp 300w\" sizes=\"auto, (max-width: 672px) 100vw, 672px\" \/>\r\n                          <div class=\"h-image__frame h-hide-lg h-hide-md h-hide-sm style-3076-frameImage style-local-3372-c13-frameImage\"><\/div>\r\n                        <\/div>\r\n                      <\/div>\r\n                    <\/div>\r\n                  <\/hop-text-carousel-item>\r\n                  <hop-text-carousel-item previewid=\"3372-c14\" hmodel=\"[object Object]\" parentmodelobj=\"[object Object]\" rootmodel=\"[object Object]\" ispreview=\"true\" class=\"h-element\">\r\n                    <div data-colibri-id=\"3372-c15\" class=\"d-block style-3076 style-local-3372-c15 position-relative h-element\">\r\n                      <!---->\r\n                      <div class=\"h-image__frame-container-outer\">\r\n                        <div class=\"h-image__frame-container\">\r\n                          <!---->\r\n                          <!---->\r\n                          <img loading=\"lazy\" decoding=\"async\" width=\"674\" height=\"500\" src=\"https:\/\/www.biogenetics.cl\/standard\/wp-content\/uploads\/2025\/05\/biogenetics-elementos-04.webp\" class=\"wp-image-6453 style-3076-image style-local-3372-c15-image\" alt=\"\" srcset=\"https:\/\/www.biogenetics.cl\/standard\/wp-content\/uploads\/2025\/05\/biogenetics-elementos-04.webp 674w, https:\/\/www.biogenetics.cl\/standard\/wp-content\/uploads\/2025\/05\/biogenetics-elementos-04-300x223.webp 300w\" sizes=\"auto, (max-width: 674px) 100vw, 674px\" \/>\r\n                          <div class=\"h-image__frame h-hide-lg h-hide-md h-hide-sm style-3076-frameImage style-local-3372-c15-frameImage\"><\/div>\r\n                        <\/div>\r\n                      <\/div>\r\n                    <\/div>\r\n                  <\/hop-text-carousel-item>\r\n                  <hop-text-carousel-item previewid=\"3372-c16\" hmodel=\"[object Object]\" parentmodelobj=\"[object Object]\" rootmodel=\"[object Object]\" ispreview=\"true\" class=\"h-element\">\r\n                    <div data-colibri-id=\"3372-c17\" class=\"d-block style-3076 style-local-3372-c17 position-relative h-element\">\r\n                      <!---->\r\n                      <div class=\"h-image__frame-container-outer\">\r\n                        <div class=\"h-image__frame-container\">\r\n                          <!---->\r\n                          <!---->\r\n                          <img loading=\"lazy\" decoding=\"async\" width=\"669\" height=\"500\" src=\"https:\/\/www.biogenetics.cl\/standard\/wp-content\/uploads\/2025\/05\/biogenetics-elementos-05.webp\" class=\"wp-image-6454 style-3076-image style-local-3372-c17-image\" alt=\"\" srcset=\"https:\/\/www.biogenetics.cl\/standard\/wp-content\/uploads\/2025\/05\/biogenetics-elementos-05.webp 669w, https:\/\/www.biogenetics.cl\/standard\/wp-content\/uploads\/2025\/05\/biogenetics-elementos-05-300x224.webp 300w\" sizes=\"auto, (max-width: 669px) 100vw, 669px\" \/>\r\n                          <div class=\"h-image__frame h-hide-lg h-hide-md h-hide-sm style-3076-frameImage style-local-3372-c17-frameImage\"><\/div>\r\n                        <\/div>\r\n                      <\/div>\r\n                    <\/div>\r\n                  <\/hop-text-carousel-item>\r\n                  <hop-swiper-arrow previewid=\"3372-c18\" hmodel=\"[object Object]\" parentmodelobj=\"[object Object]\" rootmodel=\"[object Object]\" ispreview=\"true\" class=\"h-element\">\r\n                    <hop-swiper-arrow-icon previewid=\"3372-c19\" hmodel=\"[object Object]\" parentmodelobj=\"[object Object]\" rootmodel=\"[object Object]\" ispreview=\"true\" class=\"h-element\"><\/hop-swiper-arrow-icon>\r\n                  <\/hop-swiper-arrow>\r\n                  <hop-swiper-arrow previewid=\"3372-c20\" hmodel=\"[object Object]\" parentmodelobj=\"[object Object]\" rootmodel=\"[object Object]\" ispreview=\"true\" class=\"h-element\">\r\n                    <hop-swiper-arrow-icon previewid=\"3372-c21\" hmodel=\"[object Object]\" parentmodelobj=\"[object Object]\" rootmodel=\"[object Object]\" ispreview=\"true\" class=\"h-element\"><\/hop-swiper-arrow-icon>\r\n                  <\/hop-swiper-arrow>\r\n                  <hop-swiper-dots previewid=\"3372-c22\" hmodel=\"[object Object]\" parentmodelobj=\"[object Object]\" rootmodel=\"[object Object]\" ispreview=\"true\" class=\"h-element\"><\/hop-swiper-dots>\r\n                <\/hop-text-carousel>\r\n              <\/div>\r\n            <\/div>\r\n          <\/div>\r\n        <\/div>\r\n      <\/div>\r\n      <div data-colibri-id=\"3372-c23\" class=\"h-row-container gutters-row-lg-0 gutters-row-md-0 gutters-row-0 gutters-row-v-lg-0 gutters-row-v-md-0 gutters-row-v-0 style-3077 style-local-3372-c23 position-relative\">\r\n        <!---->\r\n        <div class=\"h-row justify-content-lg-center justify-content-md-center justify-content-center align-items-lg-stretch align-items-md-stretch align-items-stretch gutters-col-lg-0 gutters-col-md-0 gutters-col-0 gutters-col-v-lg-0 gutters-col-v-md-0 gutters-col-v-0\">\r\n          <!---->\r\n          <div class=\"h-column h-column-container d-flex h-col-lg-4 h-col-md-4 h-col-12 style-3078-outer style-local-3372-c24-outer\">\r\n            <div data-colibri-id=\"3372-c24\" class=\"d-flex h-flex-basis h-column__inner h-px-lg-0 h-px-md-0 h-px-0 v-inner-lg-0 v-inner-md-0 v-inner-0 style-3078 style-local-3372-c24 position-relative\">\r\n              <!---->\r\n              <!---->\r\n              <div class=\"w-100 h-y-container h-column__content h-column__v-align flex-basis-100 align-self-lg-center align-self-md-center align-self-center\">\r\n                <!---->\r\n                <div data-colibri-id=\"3372-c25\" class=\"h-x-container style-3084 style-local-3372-c25 position-relative h-element\">\r\n                  <!---->\r\n                  <div class=\"h-x-container-inner style-dynamic-3372-c25-group style-3084-spacing style-local-3372-c25-spacing\"><span class=\"h-button__outer style-3088-outer style-local-3372-c26-outer d-inline-flex h-element\"><a h-use-smooth-scroll=\"true\" href=\"https:\/\/www.biogenetics.cl\/standard\/examen-de-adn\/\"  data-colibri-id=\"3372-c26\" class=\"d-flex w-100 align-items-center h-button justify-content-lg-center justify-content-md-center justify-content-center style-3088 style-local-3372-c26 position-relative\"><!----><!----> <span>Ex\u00e1men de ADN <br> (Particular)<\/span>                    <span class=\"h-svg-icon h-button__icon style-3088-icon style-local-3372-c26-icon\"><!--Icon by Font Awesome (https:\/\/fontawesome.com)-->\r\n    <svg version=\"1.1\" xmlns=\"http:\/\/www.w3.org\/2000\/svg\" xmlns:xlink=\"http:\/\/www.w3.org\/1999\/xlink\" id=\"chevron-right\" viewBox=\"0 0 1280 1896.0833\">\r\n      <path d=\"M1107 877l-742 742q-19 19-45 19t-45-19l-166-166q-19-19-19-45t19-45l531-531-531-531q-19-19-19-45t19-45L275 45q19-19 45-19t45 19l742 742q19 19 19 45t-19 45z\"><\/path>\r\n    <\/svg><\/span><\/a>\r\n                    <\/span>\r\n                  <\/div>\r\n                <\/div>\r\n              <\/div>\r\n            <\/div>\r\n          <\/div>\r\n          <div class=\"h-column h-column-container d-flex h-col-lg-4 h-col-md-4 h-col-12 style-3079-outer style-local-3372-c27-outer\">\r\n            <div data-colibri-id=\"3372-c27\" class=\"d-flex h-flex-basis h-column__inner h-px-lg-1 h-px-md-1 h-px-1 v-inner-lg-1 v-inner-md-1 v-inner-1 style-3079 style-local-3372-c27 position-relative\">\r\n              <!---->\r\n              <!---->\r\n              <div class=\"w-100 h-y-container h-column__content h-column__v-align flex-basis-100 align-self-lg-start align-self-md-start align-self-start\">\r\n                <!---->\r\n                <div data-colibri-id=\"3372-c28\" class=\"h-x-container style-3086 style-local-3372-c28 position-relative h-element\">\r\n                  <!---->\r\n                  <div class=\"h-x-container-inner style-dynamic-3372-c28-group style-3086-spacing style-local-3372-c28-spacing\"><span class=\"h-button__outer style-3085-outer style-local-3372-c29-outer d-inline-flex h-element\"><a h-use-smooth-scroll=\"true\" href=\"https:\/\/www.biogenetics.cl\/standard\/solicitud-en-tribunal\/\"  data-colibri-id=\"3372-c29\" class=\"d-flex w-100 align-items-center h-button justify-content-lg-center justify-content-md-center justify-content-center style-3085 style-local-3372-c29 position-relative\"><!----><!----> <span>Solicitar en tribunales <br> su examen de ADN<\/span>                    <span class=\"h-svg-icon h-button__icon style-3085-icon style-local-3372-c29-icon\"><!--Icon by Font Awesome (https:\/\/fontawesome.com)-->\r\n    <svg version=\"1.1\" xmlns=\"http:\/\/www.w3.org\/2000\/svg\" xmlns:xlink=\"http:\/\/www.w3.org\/1999\/xlink\" id=\"chevron-right\" viewBox=\"0 0 1280 1896.0833\">\r\n      <path d=\"M1107 877l-742 742q-19 19-45 19t-45-19l-166-166q-19-19-19-45t19-45l531-531-531-531q-19-19-19-45t19-45L275 45q19-19 45-19t45 19l742 742q19 19 19 45t-19 45z\"><\/path>\r\n    <\/svg><\/span><\/a>\r\n                    <\/span>\r\n                  <\/div>\r\n                <\/div>\r\n              <\/div>\r\n            <\/div>\r\n          <\/div>\r\n        <\/div>\r\n      <\/div>\r\n    <\/div>\r\n  <\/div>\r\n<\/div>","protected":false},"excerpt":{"rendered":"<p>Validez legal de las pruebas de ADN BioGenetics es el \u00fanico laboratorio privado de ADN en Chile acreditado por el Servicio M\u00e9dico Legal y habilitado para emitir informes conforme a la Ley Filiaci\u00f3n (Ley 19.585). BioGenetics emite informes certificados y con firma habilitada.&nbsp; Todos sus informes son v\u00e1lidos para ser presentados en tribunales de justicia. [&hellip;]<\/p>\n","protected":false},"author":1,"featured_media":0,"parent":0,"menu_order":0,"comment_status":"closed","ping_status":"closed","template":"page-templates\/full-width-page.php","meta":{"om_disable_all_campaigns":false,"_monsterinsights_skip_tracking":false,"_monsterinsights_sitenote_active":false,"_monsterinsights_sitenote_note":"","_monsterinsights_sitenote_category":0,"_uf_show_specific_survey":0,"_uf_disable_surveys":false,"footnotes":""},"class_list":["post-3372","page","type-page","status-publish","hentry"],"yoast_head":"<!-- This site is optimized with the Yoast SEO plugin v26.6 - https:\/\/yoast.com\/wordpress\/plugins\/seo\/ -->\n<title>Validez Legal Examen de ADN | Informe de ADN Aceptado en Tribunales<\/title>\n<meta name=\"description\" content=\"BioGenetics garantiza validez legal de tu examen de ADN en Chile. Pruebas de ADN con reconocimiento judicial y certificaci\u00f3n profesional para casos civiles o familiares.\" \/>\n<meta name=\"robots\" content=\"index, follow, max-snippet:-1, max-image-preview:large, max-video-preview:-1\" \/>\n<link rel=\"canonical\" href=\"https:\/\/www.biogenetics.cl\/standard\/validez-legal.html\" \/>\n<meta property=\"og:locale\" content=\"es_ES\" \/>\n<meta property=\"og:type\" content=\"article\" \/>\n<meta property=\"og:title\" content=\"Validez Legal Examen de ADN | Informe de ADN Aceptado en Tribunales\" \/>\n<meta property=\"og:description\" content=\"BioGenetics garantiza validez legal de tu examen de ADN en Chile. Pruebas de ADN con reconocimiento judicial y certificaci\u00f3n profesional para casos civiles o familiares.\" \/>\n<meta property=\"og:url\" content=\"https:\/\/www.biogenetics.cl\/standard\/validez-legal.html\" \/>\n<meta property=\"og:site_name\" content=\"BioGenetics\" \/>\n<meta property=\"article:modified_time\" content=\"2025-12-19T20:22:07+00:00\" \/>\n<meta property=\"og:image\" content=\"https:\/\/www.biogenetics.cl\/standard\/wp-content\/uploads\/2025\/05\/biogenetics-elementos-03.webp\" \/>\n\t<meta property=\"og:image:width\" content=\"672\" \/>\n\t<meta property=\"og:image:height\" content=\"500\" \/>\n\t<meta property=\"og:image:type\" content=\"image\/webp\" \/>\n<meta name=\"twitter:card\" content=\"summary_large_image\" \/>\n<meta name=\"twitter:label1\" content=\"Tiempo de lectura\" \/>\n\t<meta name=\"twitter:data1\" content=\"2 minutos\" \/>\n<script type=\"application\/ld+json\" class=\"yoast-schema-graph\">{\"@context\":\"https:\/\/schema.org\",\"@graph\":[{\"@type\":\"WebPage\",\"@id\":\"https:\/\/www.biogenetics.cl\/standard\/validez-legal.html\",\"url\":\"https:\/\/www.biogenetics.cl\/standard\/validez-legal.html\",\"name\":\"Validez Legal Examen de ADN | Informe de ADN Aceptado en Tribunales\",\"isPartOf\":{\"@id\":\"https:\/\/www.biogenetics.cl\/standard\/#website\"},\"primaryImageOfPage\":{\"@id\":\"https:\/\/www.biogenetics.cl\/standard\/validez-legal.html#primaryimage\"},\"image\":{\"@id\":\"https:\/\/www.biogenetics.cl\/standard\/validez-legal.html#primaryimage\"},\"thumbnailUrl\":\"https:\/\/www.biogenetics.cl\/standard\/wp-content\/uploads\/2025\/05\/biogenetics-elementos-03.webp\",\"datePublished\":\"2024-05-17T04:24:20+00:00\",\"dateModified\":\"2025-12-19T20:22:07+00:00\",\"description\":\"BioGenetics garantiza validez legal de tu examen de ADN en Chile. Pruebas de ADN con reconocimiento judicial y certificaci\u00f3n profesional para casos civiles o familiares.\",\"breadcrumb\":{\"@id\":\"https:\/\/www.biogenetics.cl\/standard\/validez-legal.html#breadcrumb\"},\"inLanguage\":\"es\",\"potentialAction\":[{\"@type\":\"ReadAction\",\"target\":[\"https:\/\/www.biogenetics.cl\/standard\/validez-legal.html\"]}]},{\"@type\":\"ImageObject\",\"inLanguage\":\"es\",\"@id\":\"https:\/\/www.biogenetics.cl\/standard\/validez-legal.html#primaryimage\",\"url\":\"https:\/\/www.biogenetics.cl\/standard\/wp-content\/uploads\/2025\/05\/biogenetics-elementos-03.webp\",\"contentUrl\":\"https:\/\/www.biogenetics.cl\/standard\/wp-content\/uploads\/2025\/05\/biogenetics-elementos-03.webp\",\"width\":672,\"height\":500},{\"@type\":\"BreadcrumbList\",\"@id\":\"https:\/\/www.biogenetics.cl\/standard\/validez-legal.html#breadcrumb\",\"itemListElement\":[{\"@type\":\"ListItem\",\"position\":1,\"name\":\"Portada\",\"item\":\"https:\/\/www.biogenetics.cl\/standard\/\"},{\"@type\":\"ListItem\",\"position\":2,\"name\":\"Validez Legal\"}]},{\"@type\":\"WebSite\",\"@id\":\"https:\/\/www.biogenetics.cl\/standard\/#website\",\"url\":\"https:\/\/www.biogenetics.cl\/standard\/\",\"name\":\"BioGenetics\",\"description\":\"BioGenetics\",\"publisher\":{\"@id\":\"https:\/\/www.biogenetics.cl\/standard\/#organization\"},\"potentialAction\":[{\"@type\":\"SearchAction\",\"target\":{\"@type\":\"EntryPoint\",\"urlTemplate\":\"https:\/\/www.biogenetics.cl\/standard\/?s={search_term_string}\"},\"query-input\":{\"@type\":\"PropertyValueSpecification\",\"valueRequired\":true,\"valueName\":\"search_term_string\"}}],\"inLanguage\":\"es\"},{\"@type\":\"Organization\",\"@id\":\"https:\/\/www.biogenetics.cl\/standard\/#organization\",\"name\":\"BioGenetics\",\"url\":\"https:\/\/www.biogenetics.cl\/standard\/\",\"logo\":{\"@type\":\"ImageObject\",\"inLanguage\":\"es\",\"@id\":\"https:\/\/www.biogenetics.cl\/standard\/#\/schema\/logo\/image\/\",\"url\":\"https:\/\/www.biogenetics.cl\/standard\/wp-content\/uploads\/2024\/05\/logo-biogenetics.webp\",\"contentUrl\":\"https:\/\/www.biogenetics.cl\/standard\/wp-content\/uploads\/2024\/05\/logo-biogenetics.webp\",\"width\":343,\"height\":67,\"caption\":\"BioGenetics\"},\"image\":{\"@id\":\"https:\/\/www.biogenetics.cl\/standard\/#\/schema\/logo\/image\/\"}}]}<\/script>\n<!-- \/ Yoast SEO plugin. -->","yoast_head_json":{"title":"Validez Legal Examen de ADN | Informe de ADN Aceptado en Tribunales","description":"BioGenetics garantiza validez legal de tu examen de ADN en Chile. Pruebas de ADN con reconocimiento judicial y certificaci\u00f3n profesional para casos civiles o familiares.","robots":{"index":"index","follow":"follow","max-snippet":"max-snippet:-1","max-image-preview":"max-image-preview:large","max-video-preview":"max-video-preview:-1"},"canonical":"https:\/\/www.biogenetics.cl\/standard\/validez-legal.html","og_locale":"es_ES","og_type":"article","og_title":"Validez Legal Examen de ADN | Informe de ADN Aceptado en Tribunales","og_description":"BioGenetics garantiza validez legal de tu examen de ADN en Chile. Pruebas de ADN con reconocimiento judicial y certificaci\u00f3n profesional para casos civiles o familiares.","og_url":"https:\/\/www.biogenetics.cl\/standard\/validez-legal.html","og_site_name":"BioGenetics","article_modified_time":"2025-12-19T20:22:07+00:00","og_image":[{"width":672,"height":500,"url":"https:\/\/www.biogenetics.cl\/standard\/wp-content\/uploads\/2025\/05\/biogenetics-elementos-03.webp","type":"image\/webp"}],"twitter_card":"summary_large_image","twitter_misc":{"Tiempo de lectura":"2 minutos"},"schema":{"@context":"https:\/\/schema.org","@graph":[{"@type":"WebPage","@id":"https:\/\/www.biogenetics.cl\/standard\/validez-legal.html","url":"https:\/\/www.biogenetics.cl\/standard\/validez-legal.html","name":"Validez Legal Examen de ADN | Informe de ADN Aceptado en Tribunales","isPartOf":{"@id":"https:\/\/www.biogenetics.cl\/standard\/#website"},"primaryImageOfPage":{"@id":"https:\/\/www.biogenetics.cl\/standard\/validez-legal.html#primaryimage"},"image":{"@id":"https:\/\/www.biogenetics.cl\/standard\/validez-legal.html#primaryimage"},"thumbnailUrl":"https:\/\/www.biogenetics.cl\/standard\/wp-content\/uploads\/2025\/05\/biogenetics-elementos-03.webp","datePublished":"2024-05-17T04:24:20+00:00","dateModified":"2025-12-19T20:22:07+00:00","description":"BioGenetics garantiza validez legal de tu examen de ADN en Chile. Pruebas de ADN con reconocimiento judicial y certificaci\u00f3n profesional para casos civiles o familiares.","breadcrumb":{"@id":"https:\/\/www.biogenetics.cl\/standard\/validez-legal.html#breadcrumb"},"inLanguage":"es","potentialAction":[{"@type":"ReadAction","target":["https:\/\/www.biogenetics.cl\/standard\/validez-legal.html"]}]},{"@type":"ImageObject","inLanguage":"es","@id":"https:\/\/www.biogenetics.cl\/standard\/validez-legal.html#primaryimage","url":"https:\/\/www.biogenetics.cl\/standard\/wp-content\/uploads\/2025\/05\/biogenetics-elementos-03.webp","contentUrl":"https:\/\/www.biogenetics.cl\/standard\/wp-content\/uploads\/2025\/05\/biogenetics-elementos-03.webp","width":672,"height":500},{"@type":"BreadcrumbList","@id":"https:\/\/www.biogenetics.cl\/standard\/validez-legal.html#breadcrumb","itemListElement":[{"@type":"ListItem","position":1,"name":"Portada","item":"https:\/\/www.biogenetics.cl\/standard\/"},{"@type":"ListItem","position":2,"name":"Validez Legal"}]},{"@type":"WebSite","@id":"https:\/\/www.biogenetics.cl\/standard\/#website","url":"https:\/\/www.biogenetics.cl\/standard\/","name":"BioGenetics","description":"BioGenetics","publisher":{"@id":"https:\/\/www.biogenetics.cl\/standard\/#organization"},"potentialAction":[{"@type":"SearchAction","target":{"@type":"EntryPoint","urlTemplate":"https:\/\/www.biogenetics.cl\/standard\/?s={search_term_string}"},"query-input":{"@type":"PropertyValueSpecification","valueRequired":true,"valueName":"search_term_string"}}],"inLanguage":"es"},{"@type":"Organization","@id":"https:\/\/www.biogenetics.cl\/standard\/#organization","name":"BioGenetics","url":"https:\/\/www.biogenetics.cl\/standard\/","logo":{"@type":"ImageObject","inLanguage":"es","@id":"https:\/\/www.biogenetics.cl\/standard\/#\/schema\/logo\/image\/","url":"https:\/\/www.biogenetics.cl\/standard\/wp-content\/uploads\/2024\/05\/logo-biogenetics.webp","contentUrl":"https:\/\/www.biogenetics.cl\/standard\/wp-content\/uploads\/2024\/05\/logo-biogenetics.webp","width":343,"height":67,"caption":"BioGenetics"},"image":{"@id":"https:\/\/www.biogenetics.cl\/standard\/#\/schema\/logo\/image\/"}}]}},"_links":{"self":[{"href":"https:\/\/www.biogenetics.cl\/standard\/wp-json\/wp\/v2\/pages\/3372","targetHints":{"allow":["GET"]}}],"collection":[{"href":"https:\/\/www.biogenetics.cl\/standard\/wp-json\/wp\/v2\/pages"}],"about":[{"href":"https:\/\/www.biogenetics.cl\/standard\/wp-json\/wp\/v2\/types\/page"}],"author":[{"embeddable":true,"href":"https:\/\/www.biogenetics.cl\/standard\/wp-json\/wp\/v2\/users\/1"}],"replies":[{"embeddable":true,"href":"https:\/\/www.biogenetics.cl\/standard\/wp-json\/wp\/v2\/comments?post=3372"}],"version-history":[{"count":20,"href":"https:\/\/www.biogenetics.cl\/standard\/wp-json\/wp\/v2\/pages\/3372\/revisions"}],"predecessor-version":[{"id":7099,"href":"https:\/\/www.biogenetics.cl\/standard\/wp-json\/wp\/v2\/pages\/3372\/revisions\/7099"}],"wp:attachment":[{"href":"https:\/\/www.biogenetics.cl\/standard\/wp-json\/wp\/v2\/media?parent=3372"}],"curies":[{"name":"wp","href":"https:\/\/api.w.org\/{rel}","templated":true}]}}